e 12) to base 16
-5ab
4400 (base 10) to base 7
15554
What is -4644 (base 8) in base 3?
-10101102
Convert -6373 (base 14) to base 12.
-9b15
What is a31 (base 13) in base 7?
5021
10312 (base 5) to base 3
222012
Convert -243 (base 8) to base 3.
-20001
Convert 23b8 (base 15) to base 10.
7598
-12252 (base 8) to base 9
-7227
1233 (base 7) to base 6
2053
Convert 121111010 (base 3) to base 8.
27362
What is 349 (base 15) in base 13?
453
What is 249 (base 12) in base 10?
345
-22 (base 8) to base 5
-33
-3368 (base 10) to base 13
-16c1
-5ec (base 16) to base 12
-a64
What is -2141340 (base 5) in base 3?
-1212212220
What is -6315 (base 12) in base 7?
-43352
-110305 (base 9) to base 6
-1224522
580 (base 10) to base 2
1001000100
What is 1311 (base 4) in base 14?
85
2042 (base 8) to base 16
422
What is 1423 (base 9) in base 16?
432
2131a (base 12) to base 16
aa86
-2301303 (base 4) to base 3
-120121110
36 (base 13) to base 2
101101
-202662 (base 8) to base 11
-46374
3223 (base 5) to base 16
1b6
-7357 (base 11) to base 15
-2d47
Convert 1110010 (base 2) to base 10.
114
What is -23645 (base 8) in base 6?
-114553
-103133 (base 4) to base 12
-87b
25735 (base 11) to base 15
ad9c
What is 213300 (base 4) in base 5?
40134
-25551 (base 9) to base 5
-1022333
What is -2916 (base 16) in base 2?
-10100100010110
What is -5010 (base 11) in base 12?
-3a36
420 (base 10) to base 6
1540
What is 1177 (base 8) in base 14?
339
13 (base 11) to base 4
32
What is -388 (base 9) in base 8?
-503
Convert 53524 (base 8) to base 7.
122115
What is 487 (base 10) in base 14?
26b
Convert -135d (base 15) to base 11.
-3122
-23809 (base 10) to base 11
-16985
What is 66 (base 8) in base 6?
130
Convert 2b90 (base 15) to base 11.
703a
Convert 41334 (base 6) to base 13.
2695
What is -40635 (base 7) in base 6?
-113540
What is -1202202111 (base 3) in base 13?
-12b02
-556 (base 14) to base 13
-633
What is a03 (base 14) in base 4?
132223
What is -6100 (base 10) in base 16?
-17d4
5520 (base 12) to base 9
13776
What is -22010200 (base 3) in base 14?
-2239
Convert 2205 (base 6) to base 3.
200212
What is ac3 (base 14) in base 11?
1668
Convert -28787 (base 10) to base 3.
-1110111012
-1808 (base 14) to base 4
-1003200
Convert -6561 (base 10) to base 11.
-4a25
-11521 (base 9) to base 2
-1111000100010
What is 736 (base 13) in base 7?
3403
What is -3470 (base 14) in base 11?
-6936
Convert -415 (base 7) to base 12.
-154
Convert -10124 (base 7) to base 16.
-9a4
Convert -62 (base 8) to base 9.
-55
What is 261066 (base 7) in base 15?
e526
What is -2020101 (base 3) in base 4?
-121132
Convert -33a (base 12) to base 7.
-1252
What is 605 (base 13) in base 16?
3fb
What is -121461 (base 8) in base 5?
-2314102
8451 (base 11) to base 3
120100101
Convert -681 (base 9) to base 3.
-202201
b03b (base 16) to base 11
30994
What is -94a (base 12) in base 2?
-10101001010
Convert -101110010000110 (base 2) to base 10.
-23686
What is 6363 (base 9) in base 16?
1242
Convert 22155 (base 7) to base 16.
15c9
Convert -11d (base 15) to base 13.
-166
-224 (base 13) to base 5
-2433
Convert -12022 (base 3) to base 10.
-143
-41a2 (base 13) to base 12
-5315
What is 141 (base 6) in base 14?
45
Convert 3b58 (base 12) to base 14.
26c4
-7bc (base 14) to base 10
-1538
1b52 (base 12) to base 14
1330
Convert -1a5c (base 13) to base 7.
-14362
-27168 (base 11) to base 10
-38794
-7a6 (base 13) to base 2
-10100100111
Convert 10566 (base 8) to base 3.
20010120
What is -227 (base 14) in base 8?
-653
What is -41 (base 7) in base 4?
-131
-412 (base 10) to base 7
-1126
9a8 (base 13) to base 8
3173
Convert 1330 (base 6) to base 11.
291
Convert 37614 (base 9) to base 5.
1302120
Convert 16a0 (base 15) to base 13.
22b0
93 (base 16) to base 13
b4
101011110010 (base 2) to base 11
2118
What is -301 (base 8) in base 11?
-166
What is -169 (base 13) in base 6?
-1104
17a79 (base 14) to base 6
1140203
-121 (base 16) to base 13
-193
What is 7542 (base 10) in base 15?
237c
-101201 (base 3) to base 2
-100100001
What is 14b4 (base 14) in base 12?
2172
Convert -4240 (base 6) to base 16.
-3c0
-10011101100101 (base 2) to base 6
-114405
What is -1011111110000 (base 2) in base 15?
-1c38
What is 4664 (base 14) in base 4?
2333100
37a (base 14) to base 9
853
-14b (base 13) to base 8
-350
137b0 (base 12) to base 2
110100110110100
Convert -1022122 (base 4) to base 3.
-20112101
Convert -20020001 (base 3) to base 10.
-4537
What is -1000110001001111 (base 2) in base 11?
-24a94
Convert -1201002 (base 3) to base 9.
-1632
What is -11245 (base 8) in base 7?
-16626
1706 (base 8) to base 5
12331
Convert -23050 (base 6) to base 2.
-110011000110
750 (base 13) to base 14
652
Convert 22222121 (base 3) to base 15.
1e1a
Convert 845 (base 11) to base 10.
1017
Convert -406 (base 15) to base 2.
-1110001010
-432 (base 14) to base 7
-2262
What is 658 (base 9) in base 4?
20123
-22223 (base 4) to base 14
-36b
1292 (base 11) to base 13
9ba
What is 1001 (base 8) in base 14?
289
Convert -7765 (base 9) to base 15.
-1a6e
14c5 (base 14) to base 16
e75
What is -194f (base 16) in base 4?
-1211033
Convert -780 (base 11) to base 6.
-4155
Convert 1114 (base 5) to base 7.
315
What is 637 (base 10) in base 8?
1175
What is -2c4 (base 14) in base 4?
-20310
-502e (base 16) to base 10
-20526
Convert 61e (base 16) to base 11.
11a4
Convert -2596 (base 13) to base 14.
-1d50
-12300 (base 4) to base 10
-432
-1c8 (base 14) to base 5
-2442
-1011011101001110 (base 2) to base 3
-2101101000
b00 (base 12) to base 5
22314
What is 315 (base 16) in base 15?
379
Convert 52828 (base 9) to base 6.
425425
-234 (base 9) to base 5
-1233
-23312 (base 4) to base 12
-532
What is 61 (base 8) in base 4?
301
What is -9697 (base 12) in base 5?
-1012111
What is 12560 (base 7) in base 14?
1330
1120 (base 4) to base 13
6a
196 (base 13) to base 16
124
What is -126221 (base 8) in base 7?
-242540
Convert -3340 (base 6) to base 13.
-480
What is 122 (base 15) in base 6?
1105
What is 12000021 (base 3) in base 8?
7104
-2da6 (base 15) to base 10
-9831
What is -70 (base 11) in base 14?
-57
100111010000001 (base 2) to base 13
91bc
-4360 (base 11) to base 7
-22526
What is 100110110011 (base 2) in base 10?
2483
What is 1751 (base 10) in base 2?
11011010111
1100010110 (base 2) to base 4
30112
Convert 1333 (base 4) to base 11.
106
What is 32223 (base 4) in base 10?
939
What is -81a7 (base 11) in base 15?
-335b
Convert 78b (base 12) to base 13.
67a
Convert 100100110011100 (base 2) to base 7.
105640
What is -7a0 (base 14) in base 13?
-8c4
Convert -4617 (base 8) to base 16.
-98f
What is -1111111 (base 3) in base 7?
-3121
-2010 (base 5) to base 10
-255
Convert 143052 (base 6) to base 12.
7a88
Convert -4145 (base 8) to base 14.
-ad7
21212 (base 4) to base 9
752
-30343 (base 11) to base 3
-2020210222
Convert 504 (base 11) to base 5.
4414
4014 (base 12) to base 13
31cc
What is -7805 (base 11) in base 2?
-10100000110010
What is -30860 (base 11) in base 9?
-67602
Convert -114114 (base 5) to base 9.
-5780
Convert -723 (base 10) to base 2.
-1011010011
What is 8944 (base 16) in base 4?
20211010
Convert 1221102 (base 3) to base 13.
84b
Convert -5090 (base 16) to base 5.
-1124444
What is 1b4 (base 14) in base 3?
111010
Convert -2447 (base 8) to base 12.
-91b
What is -10211110201 (base 3) in base 5?
-4403210
1730 (base 9) to base 11
aa3
What is 394 (base 10) in base 13?
244
-203003 (base 4) to base 7
-6353
Convert 312 (base 6) to base 7.
224
Convert 1367 (base 8) to base 10.
759
606 (base 9) to base 10
492
Convert -3734 (base 9) to base 7.
-11056
Convert 30813 (base 10) to base 8.
74135
-a452 (base 13) to base 9
-34136
Convert 3657 (base 9) to base 6.
20341
What is 5b4 (base 16) in base 5?
21320
What is -2a5d (base 15) in base 2?
-10001110000000
Convert -714 (base 11) to base 6.
-3554
What is a21 (base 13) in base 11?
1321
What is -15034 (base 7) in base 10?
-4141
Convert -7887 (base 10) to base 2.
-1111011001111
What is -11253 (base 7) in base 2?
-101101000000
1358 (base 9) to base 16
401
342 (base 7) to base 11
151
What is -197c (base 13) in base 2?
-111011101101
Convert -7d3 (base 15) to base 12.
-1039
What is -105e (base 16) in base 5?
-113230
10111 (base 5) to base 15
2db
What is 642 (base 8) in base 11?
350
Convert 343 (base 11) to base 3.
120012
Convert -4b7 (base 12) to base